 u be (-8)/(-5) - 3/d. Let x(v) be the second derivative of -v**3/6 + v**2/2 - 2*v. Give x(u).
0
Let y(o) = -o**2 - 4*o + 1. Let i(f) = -3*f**2 - 13*f + 2. Let w(g) = 2*i(g) - 7*y(g). Let a = -2 - -3. Let z = -4 + a. Give w(z).
0
Let a(u) = u**3 - 6*u**2 - 3*u + 4. Let p be -1*16/4 - 2. Let j be -1*6*6/p. Give a(j).
-14
Let o(s) be the second derivative of s**4/12 - 7*s**3/6 + s**2/2 + 13*s. Determine o(6).
-5
Let t(d) = d**2 + 3*d + 1. Let j(y) = 2*y**2 + 13*y + 12. Let b be j(-5). Calculate t(b).
1
Let c(g) = -2*g + 14. Let i(z) = -z + 7. Let o(w) = 3*c(w) - 5*i(w). Determine o(4).
3
Let p(d) = -d**2 + d - 1. Let a = -14 - -26. Let j be (a/(-9))/(2/(-3)). Let l be p(j). Let f(z) = z**3 + 2*z**2 - 3*z. What is f(l)?
0
Let q(p) = p**3 + 3*p**2 + 4*p + 2. Suppose -15 = 3*t + 3*l, 0 = -0*t + t + 2*l + 10. Suppose -3*w - 3 - 3 = t. Calculate q(w).
-2
Let m(u) = -3*u + 5*u**2 + 7*u**3 - 1 + u - 5*u**2. Let f be m(-1). Let h(p) = -2*p - 4. Give h(f).
8
Let n(f) = f - 4*f + 6 - 3*f + 5*f. What is n(0)?
6
Let z be -3 + (3 - -3 - -1). Let o(q) = z*q - 2*q - 1 - q. Let s be o(-2). Let p(u) = 3*u + 4. What is p(s)?
-5
Let l be (-23)/(-5) - 15/25. Let r(v) = -l*v**2 + 0*v + 2*v - v + 3*v**2. Calculate r(2).
-2
Let v(p) be the first derivative of p**4/4 - 4*p**3/3 - 2*p**2 + 4*p + 22. Calculate v(4).
-12
Let w(g) = 7*g**3 + 11*g**2 + 3*g - 1. Let x(k) = k**3 + k**2 - 1. Let j(m) = -w(m) + 6*x(m). Calculate j(-5).
10
Let b(y) = y**2 + 9*y + 8. Suppose 0 = -3*a + 3 - 24. Give b(a).
-6
Suppose -4*m = 4*g + 20, 3 = -2*g - 1. Let y be ((-4)/m)/((-3)/9). Let t(q) = -q**2 - 3*q - 3. What is t(y)?
-7
Let s(i) be the second derivative of -i**3/3 - i**2/2 + 25*i. Give s(-1).
1
Let k(g) = -13*g**3 + 1. Let s(b) = -b**2 + 7*b + 1. Let y be s(7). Suppose y = -3*i - 2. Calculate k(i).
14
Suppose 0 = -a + 4*a - 30. Suppose 2*c = -3*c + a. Let i(d) = d**3 - d**2 - 3*d + 1. Determine i(c).
-1
Let b = 0 + 3. Suppose 7*k - 4*k - 9 = 0. Let c(y) = -y + k*y + y. Determine c(b).
9
Let g(c) = -c**3 - 6*c**2 - 4*c + 2. Suppose 5 = -5*p - 5. Let a be (-2 - 3/p)*10. What is g(a)?
-3
Let x(p) = 3*p - 12. Let m(k) = 2*k - 8. Let h(c) = -8*m(c) + 5*x(c). What is h(4)?
0
Let u(r) = -r**2 + 6*r - 1. Let m be u(6). Let n be 0/(-5)*m*1. Suppose -2*x - 1 + 3 = n. Let s(z) = -3*z. Give s(x).
-3
Let y(b) = b + 7. Suppose 2*g - g = -7. Let s be y(g). Let c(z) = -z**2 - z + 2. Let k(j) = 2*j**2 + 2*j - 3. Let m(v) = -3*c(v) - 2*k(v). Calculate m(s).
0
Let f(g) = -3*g**3 + g**3 + 0*g + g + g**3 - 1. Determine f(1).
-1
Let l = 4 - 3. Let g(a) = 11*a**2 + 5*a + 6. Let j(n) = n + 1. Let d(b) = g(b) - 6*j(b). Give d(l).
10
Suppose -5*c - 1 + 16 = 0. Let n be (-8)/(-3) - (-2)/6. Let v(h) = c*h - n*h + h - 1. Calculate v(-4).
-5
Suppose -77 = -8*k - 3*k. Let t(i) = -2*i + 10. What is t(k)?
-4
Let u(c) = -4*c - 3. Let o(q) = 12*q + 8. Let z(p) = 3*o(p) + 8*u(p). What is z(-1)?
-4
Let f be ((-9)/(-6))/((-12)/(-152)). Let w(n) = -f*n + 2 + n**2 + 19*n. Calculate w(0).
2
Let m(p) be the second derivative of -p**4/12 - 5*p**3/6 + 2*p**2 + 2*p. Calculate m(-6).
-2
Let s(n) = -2*n. Let x(d) = 0*d - 1 + 2*d + d. Let p(u) = -u**2 + 3*u - 1. Let h be p(4). Let f(v) = h*s(v) - 3*x(v). Calculate f(-4).
-1
Suppose 5*p + 16 = -4. Let q(s) = s - 3 - 4*s**2 + 2*s**2 + 3*s**2. Determine q(p).
9
Let v(d) be the second derivative of d**3/6 + d**2 + 2*d. Let s be -1*(-12)/(-3) + -2. What is v(s)?
-4
Let m be ((-18)/4 + 4)*2. Let g(u) = -3*u**3 - 2*u**2 - u. Give g(m).
2
Let l(k) = 2*k**2 - k**3 + 2 + k + 0*k**3 + 2*k**2. Let p be (24/15)/(6/15). Calculate l(p).
6
Let y(s) = -1 + 3*s**2 + 4*s**3 + s**2 - 3*s**3. Let i(k) = 2*k. Let p be i(3). Let n be 2/p - 50/15. Determine y(n).
8
Suppose 0 = -j - 3*j + 8. Let h(d) = -9 - 4*d + 9 - 2*d**2 + 5*d. Calculate h(j).
-6
Let n(s) be the first derivative of -s**4/4 + 4*s**3/3 - s**2 + 2*s + 1. Let a(z) = z**3 - z**2 + 12. Let p be a(0). Suppose 2*f - p = -f. What is n(f)?
-6
Let b(x) = x + 2. Let g(l) = 4*l + 15. Let d(i) = -i. Let p(o) = 5*d(o) + g(o). Let h be p(7). Let y = -6 + h. Give b(y).
4
Let w(n) be the first derivative of -n**4/4 - 2*n**3/3 - 2*n**2 - 3*n - 22. What is w(-2)?
5
Let s(r) = r + 14. Let d be s(-9). Let p(x) = x**3 - 4*x**2 - 6*x - 5. What is p(d)?
-10
Let h(s) = s - 2. Let c(o) = -1. Let u(m) = 5*c(m) - h(m). Give u(4).
-7
Let h(w) be the first derivative of w**6/360 - w**5/40 + w**4/6 + w**3/3 + 1. Let i(s) be the third derivative of h(s). Suppose -2*c - 59 = -65. Determine i(c).
4
Let k = 6 + -3. Suppose k*z - 4*z = 1. Let a(p) = p. Determine a(z).
-1
Let j = 0 - -6. Let b be j/(-12)*0/(-2). Let y(g) = g**3 - g**2. Calculate y(b).
0
Let u(o) = o. Let s be -2 - (-4 - (-1 - 4)). Calculate u(s).
-3
Let b(h) be the first derivative of h**6/360 - h**5/24 + h**4/12 + 2*h**3/3 + 1. Let a(l) be the third derivative of b(l). Determine a(5).
2
Let u = -413/6 - -69. Let s(i) be the second derivative of i + u*i**3 - 5/2*i**2 + 0. What is s(4)?
-1
Suppose -7*g + 3*o - 5 = -2*g, 0 = 5*g - 5*o + 5. Let p(z) = 7*z. Determine p(g).
-7
Let d(o) = -o**3 - 5*o**2 - 2*o - 6. Suppose c - 4*n = -17, -2*c = -2*n + n + 13. Give d(c).
4
Let f(g) = -g**3 + 3*g**2 + g - 2. Let t be -3 - -6 - (-2 - -2). Suppose 4*v + 39 = -5*r, 2*v + 24 = -t*v + 2*r. Let y = 9 + v. What is f(y)?
1
Let c(h) = -2*h**2 + h**3 + 2*h**2 - 1. Suppose 0 = -2*k - 2*k - 24. Let t(b) = -b**3 - 7*b**2 - 5*b + 5. Let q be t(k). Determine c(q).
-2
Let j(h) = 3*h - 6 - h + 7. Let u be j(4). Let g be ((-9)/(-6))/(u/6). Let t(a) = -8*a**2 + 1. Determine t(g).
-7
Let o(q) = 2*q**2 + 9*q + 3. Let f(v) = v**2 + 4*v + 1. Let z(h) = -5*f(h) + 2*o(h). Let c be (-1 + 5/3)*-3. Calculate z(c).
1
Let k(f) be the second derivative of -f**4/12 - f**3 - 3*f**2 - 6*f. Give k(-5).
-1
Let d(c) = c + 1. Let l be d(-1). Suppose t = -l*t. Let q(v) = -6*v. Let m(f) = -f + 1. Let o(i) = 5*m(i) - q(i). Determine o(t).
5
Let z(l) be the second derivative of -5*l**3/6 - 2*l**2 - 36*l. Give z(-3).
11
Let p(n) = 2*n**3 + 0 - 1 + n**3. Suppose 4*g = -0*g + 8. Suppose g*z + 5 = 3. Calculate p(z).
-4
Let f(i) be the second derivative of i**3/6 - i - 8. What is f(-7)?
-7
Suppose 0 = 7*k + 15 + 27. Let z be (k - 4)*(-3)/6. Let f(j) = 3*j + 4*j**2 + 2*j - 2*j**3 + 5 + j**3. Calculate f(z).
5
Let z(x) = x**3 + x**3 - x + 9 - 3*x**3 + 0*x**3 + 7*x**2. Calculate z(7).
2
Let b(h) = 9*h**3 + h**2 + h. Let c be b(-1). Let u = 9 + c. Let l(t) = t**2 - 4*t + 5. Let k(p) = -p + 1. Let m(a) = -5*k(a) + l(a). Give m(u).
0
Let z(g) = -g**2 - 5*g + 5. Suppose -8 = -0*s + s - 3*w, -4*s - 2*w + 38 = 0. Suppose -s = -i - 14. Give z(i).
-9
Let c(r) = 0*r**3 + 4*r**3 + 3*r**3. Let x(h) = -8*h + 87. Let v be x(11). Calculate c(v).
-7
Let k = -16 - -27. Let h = k - 10. Let m(n) = 6*n**3 + n**2. Determine m(h).
7
Let d be (-33)/9 + 4/6. Let c = d + 2. Let b(g) be the third derivative of -11*g**5/60 - g**4/12 - g**3/6 + 2*g**2. Determine b(c).
-10
Let f(w) = -7*w + 2. Let v(r) = -8*r + 2. Let j(i) = 5*f(i) - 4*v(i). Determine j(-3).
11
Let b(h) = 4*h - 6 - 1 + 5 - 1. What is b(3)?
9
Suppose 4*z = -f + z + 12, z = 4*f - 22. Let c(w) = -3*w**2 + 5 - f*w - 4*w**2 - w**3 - 11. What is c(-6)?
-6
Suppose 2*g - 2 = 2. Suppose 4*i - 19 = -q, 3*i + 2*q = 2*i - 4. Let w(n) = -n + 0 + 0*n + n**g - i - 3*n. Give w(6).
6
Let q be 4/(-10) - 36/(-15). Let b = 0 - q. Let f(d) = -d**2 - 3*d - 2. Determine f(b).
0
Let m(s) = -18*s + 106. Let z be m(6). Let p(y) = y - 1. Give p(z).
-3
Suppose 5*s = -0*s - 25. Let w(v) = v + 1. Let h(a) = -5 - 5*a + 4 + 0 - 1. Let r(m) = -h(m) - 6*w(m). What is r(s)?
1
Let a(g) = -5*g + 1. Let t(l) = l - 1. Let r(u) = a(u) + 4*t(u). Calculate r(4).
-7
Suppose 0*s - 2*g = -s - 5, 5*g - 12 = 3*s. Let i(u) = -u**3 + u**2 - u. Let f(n) = 8*n**3 - 6*n**2 + 7*n - 1. Let v(o) = f(o) + 6*i(o). Give v(s).
2
Let p(w) = -2*w**2 - 8*w - 10. Let d be p(-3). Let l(t) = -2*t - 6. What is l(d)?
2
Let s = 0 + 1. Let x(f) be the second derivative of 5*f**4/12 - f**3/3 + f**2/2 - f. What is x(s)?
4
Let b(a) be the first derivative of 2 + 3*a + 5/2*a**2. Give b(-2).
-7
Let s(i) = i**2 + 1. Let q(m) = -m - 1. Let h(f) = q(f) + s(f). Let o be h(0). Let u(j) = 9 - 5*j**3 + 4*j**3 + 4*j**2 - 3*j**2. Give u(o).
9
Let n(r) = -2*r**3 + r**2 - 1. Suppose 2*c - 5 = -a, -2*a 